{"id":859,"date":"2018-09-23T07:22:45","date_gmt":"2018-09-23T05:22:45","guid":{"rendered":"http:\/\/www.klub-malawi.pl\/?page_id=859"},"modified":"2018-09-23T10:04:02","modified_gmt":"2018-09-23T08:04:02","slug":"tlo-diy-ze-styropianu","status":"publish","type":"page","link":"https:\/\/www.klub-malawi.pl\/?page_id=859","title":{"rendered":"T\u0142o DIY ze styropianu"},"content":{"rendered":"<div class=\"ipsType_normal ipsType_richText ipsContained\" data-role=\"commentContent\" data-controller=\"core.front.core.lightboxedImages\"><span style=\"color: #ffffff;\">Kilka os\u00f3b pyta\u0142o mnie jak wykona\u0142em swoje t\u0142o w akwarium.<\/span><br \/>\n<span style=\"color: #ffffff;\"><img decoding=\"async\" class=\"aligncenter size-full wp-image-862 lazyload\" data-src=\"http:\/\/www.klub-malawi.pl\/wp-content\/uploads\/2018\/09\/15082018.thumb_.png.947d554b693928cbef19c60aff3568af.png\" alt=\"\" width=\"1000\" height=\"333\" data-srcset=\"https:\/\/www.klub-malawi.pl\/wp-content\/uploads\/2018\/09\/15082018.thumb_.png.947d554b693928cbef19c60aff3568af.png 1000w, https:\/\/www.klub-malawi.pl\/wp-content\/uploads\/2018\/09\/15082018.thumb_.png.947d554b693928cbef19c60aff3568af-150x50.png 150w, https:\/\/www.klub-malawi.pl\/wp-content\/uploads\/2018\/09\/15082018.thumb_.png.947d554b693928cbef19c60aff3568af-300x100.png 300w, https:\/\/www.klub-malawi.pl\/wp-content\/uploads\/2018\/09\/15082018.thumb_.png.947d554b693928cbef19c60aff3568af-768x256.png 768w\" data-sizes=\"(max-width: 1000px) 100vw, 1000px\" src=\"data:image\/svg+xml;base64,PHN2ZyB3aWR0aD0iMSIgaGVpZ2h0PSIxIiB4bWxucz0iaHR0cDovL3d3dy53My5vcmcvMjAwMC9zdmciPjwvc3ZnPg==\" style=\"--smush-placeholder-width: 1000px; --smush-placeholder-aspect-ratio: 1000\/333;\" \/><\/span><span style=\"color: #ffffff;\">Postanowi\u0142em, \u017ce podziel\u0119\u00a0 opisem wykonania.<\/span><br \/>\n<span style=\"color: #ffffff;\">Co do kamieni to pierwotnie nie wygl\u0105da\u0142y tak jak teraz (mia\u0142y jednolity kolor), s\u0105 pomalowane szar\u0105 farb\u0105 akrylow\u0105. Zrobi\u0142em to metod\u0105 suchego p\u0119dzla, stara\u0142em si\u0119 malowa\u0107 tylko w takich miejscach, w kt\u00f3rych zmiana koloru spowoduje ich optyczne uwypuklenie.<\/span><br \/>\n<span style=\"color: #ffffff;\">T\u0142o&#8230; To, kt\u00f3re wykona\u0142em to moje drugie podej\u015bcie, pierwsze to by\u0142a totalna katastrofa.<\/span><br \/>\n<span style=\"color: #ffffff;\">Wykona\u0142em je ze styropianu o grubo\u015bci 50 mm (w tej chwili, gdybym robi\u0142 t\u0142o o strukturze jak obecnie posiadam, czyli stosunkowo p\u0142askie spr\u00f3bowa\u0142bym 10 mm, szkoda miejsca w zbiorniku).<\/span><br \/>\n<span style=\"color: #ffffff;\">Pierwsze na kartce w odpowiedniej skali rozplanowa\u0142em sobie og\u00f3lny wygl\u0105d t\u0142a.<\/span><br \/>\n<span style=\"color: #ffffff;\">Drugim etapem by\u0142o nadanie wyci\u0119cie na wymiar p\u0142yt styropianowych (jak widzia\u0142e\u015b na zdj\u0119ciach, nie mam wype\u0142nionej ca\u0142ej \u015bciany akwarium, moje t\u0142o sk\u0142ada si\u0119 z dw\u00f3ch kawa\u0142k\u00f3w, ka\u017cdy z nich wyci\u0105\u0142em rozgrzanym no\u017cem).<\/span><br \/>\n<span style=\"color: #ffffff;\">Trzecim krokiem by\u0142o stworzenie wy\u017c\u0142obie\u0144, robi\u0142em to no\u017cem i niezbyt g\u0142\u0119boko.<\/span><br \/>\n<span style=\"color: #ffffff;\">Czwarty i w moim przekonaniu najwa\u017cniejszy krok to przypalenie. Gdy robi\u0142em swoje t\u0142o, radzono mi bym przypali\u0142 je zapalniczk\u0105, ale ona daje za ma\u0142y p\u0142omie\u0144 co skutkuje bardzo nier\u00f3wn\u0105 powierzchni\u0105. W moim przypadku wspaniale sprawdzi\u0142 si\u0119 palnik <span style=\"color: #ffff99;\">(<a style=\"color: #ffff99;\" href=\"https:\/\/allegro.pl\/lampa-lutownicza-palnik-gazowy-na-naboje-44e142-i4990118731.html?utm_source=google&amp;utm_medium=cpc&amp;ev_campaign=_DIO_pla_dom_narzedzia&amp;ev_adgr=Pozosta%C5%82e&amp;ev_ln=PRODUCT+GROUP&amp;ds_rl=1256542&amp;gclid=CjwKCAjwkMbaBRBAEiwAlH5v_m-H3QlF6O0rPmHwRdAaE4OMrWLy50UH29jktVlRKhyBS07aYvABfRoCjxoQAvD_BwE&amp;gclsrc=aw.ds&amp;dclid=CIf-wNm8rtwCFYuEsgoddUgPrg\" target=\"_blank\" rel=\"external nofollow noopener\">tego typu<\/a>)<\/span>. Wszystkie, nawet malutkie bruzdy jakie zrobisz no\u017cem genialnie rozchodz\u0105 si\u0119 w spos\u00f3b bardzo naturalny tworz\u0105c struktur\u0119 do z\u0142udzenia przypominaj\u0105c\u0105 ska\u0142\u0119. W dodatku przypalona powierzchnia styropianu robi si\u0119 twarda co oczywi\u015bcie jest dla nas po\u017c\u0105dane (ryby go nie wyskubi\u0105).<\/span><br \/>\n<span style=\"color: #ffffff;\">Kiedy ju\u017c stworzy\u0142em struktur\u0119 t\u0142a, wzi\u0105\u0142em do r\u0119ki lutownic\u0119 (<span style=\"color: #ffff99;\"><a style=\"color: #ffff99;\" href=\"https:\/\/allegro.pl\/lutownica-kolbowa-oporowa-60w-230v-wymienny-grot-i7236131965.html?utm_source=google&amp;utm_medium=cpc&amp;ev_campaign=_DIO_pla_dom_narzedzia&amp;ev_adgr=Pozosta%C5%82e&amp;ev_ln=PRODUCT+GROUP&amp;ds_rl=1256542&amp;gclid=CjwKCAjwkMbaBRBAEiwAlH5v_hmTfeJwAPOa4qIsgVrtAD7XEWdbG-aaE5aYOMSwTEP_FBcGvkNrfBoC-T4QAvD_BwE&amp;gclsrc=aw.ds&amp;dclid=CMiSj9m9rtwCFYKssgodFfAMwQ\" target=\"_blank\" rel=\"external nofollow noopener\">tego typu<\/a><\/span>). Na tym etapie maj\u0105c jaki\u015b talent artystyczny mo\u017cna stworzy\u0107 cuda. Wszystkie p\u0119kni\u0119cia i formy odprysk\u00f3w ska\u0142y stworzy\u0142em w\u0142a\u015bnie lutownic\u0105. Wydaje mi si\u0119, \u017ce wa\u017cnym jest by nie przesadzi\u0107 z ilo\u015bci\u0105 tych ozdobnik\u00f3w, wiadomo co za du\u017co to nie zdrowo, kwestia wyczucia i gustu.<\/span><br \/>\n<span style=\"color: #ffffff;\">Gdy ju\u017c po\u017c\u0142obi\u0142em wszystko lutownic\u0105 tak jak chcia\u0142em, wzi\u0105\u0142em do r\u0119ki ponownie palnik i tym razem ju\u017c bardzo delikatnie, z wi\u0119kszej odleg\u0142o\u015bci i szybciej przypali\u0142em t\u0142o ponownie.<\/span><br \/>\n<span style=\"color: #ffffff;\">Potem czarna farba akrylowa w sprayu (ja u\u017cy\u0142em DECO COLOR &#8211; ECO REVOLUTION), tym kolorem pomalowa\u0142em dok\u0142adnie ca\u0142e t\u0142o, wszystkie szczelinki. Nast\u0119pnie gdy wysch\u0142o (odczeka\u0142em ok 12h) metod\u0105 suchego p\u0119dzla nanios\u0142em szar\u0105 farb\u0119, to wspaniale uwypukla wszystkie p\u0119kni\u0119cia, kt\u00f3re tworzy si\u0119 lutownic\u0105. Wa\u017cne jest by metod\u0105 suchego p\u0119dzla omiata\u0107 tylko powierzchnie t\u0142a, wtedy szary kolor nie dostaje si\u0119 do stworzonych p\u0119kni\u0119\u0107 co nadaje im g\u0142\u0119bi.<\/span><br \/>\n<span style=\"color: #ffffff;\">Moje t\u0142o czeka\u0142o kilka tygodni ze wzgl\u0119du na brak zbiornika, ale po malowaniu trzeba odczeka\u0107 ok tygodnia by farba akrylowa sta\u0142a si\u0119 wodoodporna.<\/span><br \/>\n<span style=\"color: #ffffff;\">Swoje t\u0142o wcisn\u0105\u0142em pod wzmocnienie wzd\u0142u\u017cne akwarium i przyklei\u0142em klejem Soudal FIX ALL TURBO.<\/span><br \/>\n<span style=\"color: #ffffff;\">Teraz, bogatszy w do\u015bwiadczenia i po up\u0142ywie kilku miesi\u0119cy my\u015bl\u0119 sobie \u017ce:<\/span><br \/>\n<span style=\"color: #ffffff;\">&#8211; spr\u00f3bowa\u0142 bym z innymi kolorami (ciemny br\u0105z, jasny br\u0105z i ziele\u0144), uwa\u017cam \u017ce delikatne poci\u0105gni\u0119cie zielon\u0105 farb\u0105 gdzieniegdzie stworzy\u0142o by wspania\u0142y efekt zielonych glon\u00f3w (ja np po kilku miesi\u0105cach praktycznie nie mam glon\u00f3w, a liczy\u0142em na odrobin\u0119 zieleni).<\/span><br \/>\n<span style=\"color: #ffffff;\">&#8211; jak ju\u017c wspomnia\u0142em na pocz\u0105tku, spr\u00f3bowa\u0142bym odchudzi\u0107 t\u0105 p\u0142yt\u0119 styropianow\u0105, mo\u017ce 10 mm by\u0142a by za chuda, ale mo\u017cna mocniej przypali\u0107 by finalnie mia\u0142a ok 20 mm, na prawd\u0119 szkoda miejsca&#8230;<\/span><br \/>\n<span style=\"color: #ffffff;\">Ca\u0142o\u015b\u0107 prac oceni\u0142bym na jakie\u015b 3-4 godziny.<\/span><br \/>\n<span style=\"color: #ffffff;\">W\u0142a\u015bciwie nie robi\u0142em fotek w trakcie wykonywania, wrzuc\u0119 wszystko czym dysponuje.<img decoding=\"async\" class=\"aligncenter size-full wp-image-868 lazyload\" data-src=\"http:\/\/www.klub-malawi.pl\/wp-content\/uploads\/2018\/09\/tlo_czarne.thumb_.jpg.f085023421a11709851cdffa4de872ee.jpg\" alt=\"\" width=\"1000\" height=\"460\" data-srcset=\"https:\/\/www.klub-malawi.pl\/wp-content\/uploads\/2018\/09\/tlo_czarne.thumb_.jpg.f085023421a11709851cdffa4de872ee.jpg 1000w, https:\/\/www.klub-malawi.pl\/wp-content\/uploads\/2018\/09\/tlo_czarne.thumb_.jpg.f085023421a11709851cdffa4de872ee-150x69.jpg 150w, https:\/\/www.klub-malawi.pl\/wp-content\/uploads\/2018\/09\/tlo_czarne.thumb_.jpg.f085023421a11709851cdffa4de872ee-300x138.jpg 300w, https:\/\/www.klub-malawi.pl\/wp-content\/uploads\/2018\/09\/tlo_czarne.thumb_.jpg.f085023421a11709851cdffa4de872ee-768x353.jpg 768w\" data-sizes=\"(max-width: 1000px) 100vw, 1000px\" src=\"data:image\/svg+xml;base64,PHN2ZyB3aWR0aD0iMSIgaGVpZ2h0PSIxIiB4bWxucz0iaHR0cDovL3d3dy53My5vcmcvMjAwMC9zdmciPjwvc3ZnPg==\" style=\"--smush-placeholder-width: 1000px; --smush-placeholder-aspect-ratio: 1000\/460;\" \/><\/span><img decoding=\"async\" class=\"aligncenter size-full wp-image-863 lazyload\" data-src=\"http:\/\/www.klub-malawi.pl\/wp-content\/uploads\/2018\/09\/DSC_0052.thumb_.JPG.af615277fd28e74730c0b3dc8f40e69d.jpg\" alt=\"\" width=\"1000\" height=\"662\" data-srcset=\"https:\/\/www.klub-malawi.pl\/wp-content\/uploads\/2018\/09\/DSC_0052.thumb_.JPG.af615277fd28e74730c0b3dc8f40e69d.jpg 1000w, https:\/\/www.klub-malawi.pl\/wp-content\/uploads\/2018\/09\/DSC_0052.thumb_.JPG.af615277fd28e74730c0b3dc8f40e69d-150x99.jpg 150w, https:\/\/www.klub-malawi.pl\/wp-content\/uploads\/2018\/09\/DSC_0052.thumb_.JPG.af615277fd28e74730c0b3dc8f40e69d-300x199.jpg 300w, https:\/\/www.klub-malawi.pl\/wp-content\/uploads\/2018\/09\/DSC_0052.thumb_.JPG.af615277fd28e74730c0b3dc8f40e69d-768x508.jpg 768w, https:\/\/www.klub-malawi.pl\/wp-content\/uploads\/2018\/09\/DSC_0052.thumb_.JPG.af615277fd28e74730c0b3dc8f40e69d-240x160.jpg 240w\" data-sizes=\"(max-width: 1000px) 100vw, 1000px\" src=\"data:image\/svg+xml;base64,PHN2ZyB3aWR0aD0iMSIgaGVpZ2h0PSIxIiB4bWxucz0iaHR0cDovL3d3dy53My5vcmcvMjAwMC9zdmciPjwvc3ZnPg==\" style=\"--smush-placeholder-width: 1000px; --smush-placeholder-aspect-ratio: 1000\/662;\" \/><br \/>\n<img decoding=\"async\" class=\"aligncenter size-full wp-image-864 lazyload\" data-src=\"http:\/\/www.klub-malawi.pl\/wp-content\/uploads\/2018\/09\/DSC_0053.thumb_.JPG.56827caec7d425cacff46b41cb28236b.jpg\" alt=\"\" width=\"1000\" height=\"662\" data-srcset=\"https:\/\/www.klub-malawi.pl\/wp-content\/uploads\/2018\/09\/DSC_0053.thumb_.JPG.56827caec7d425cacff46b41cb28236b.jpg 1000w, https:\/\/www.klub-malawi.pl\/wp-content\/uploads\/2018\/09\/DSC_0053.thumb_.JPG.56827caec7d425cacff46b41cb28236b-150x99.jpg 150w, https:\/\/www.klub-malawi.pl\/wp-content\/uploads\/2018\/09\/DSC_0053.thumb_.JPG.56827caec7d425cacff46b41cb28236b-300x199.jpg 300w, https:\/\/www.klub-malawi.pl\/wp-content\/uploads\/2018\/09\/DSC_0053.thumb_.JPG.56827caec7d425cacff46b41cb28236b-768x508.jpg 768w, https:\/\/www.klub-malawi.pl\/wp-content\/uploads\/2018\/09\/DSC_0053.thumb_.JPG.56827caec7d425cacff46b41cb28236b-240x160.jpg 240w\" data-sizes=\"(max-width: 1000px) 100vw, 1000px\" src=\"data:image\/svg+xml;base64,PHN2ZyB3aWR0aD0iMSIgaGVpZ2h0PSIxIiB4bWxucz0iaHR0cDovL3d3dy53My5vcmcvMjAwMC9zdmciPjwvc3ZnPg==\" style=\"--smush-placeholder-width: 1000px; --smush-placeholder-aspect-ratio: 1000\/662;\" \/><img decoding=\"async\" class=\"aligncenter size-full wp-image-865 lazyload\" data-src=\"http:\/\/www.klub-malawi.pl\/wp-content\/uploads\/2018\/09\/DSC_0054.thumb_.JPG.6aed54e12e78a07565125e0d53fd3c8e.jpg\" alt=\"\" width=\"1000\" height=\"662\" data-srcset=\"https:\/\/www.klub-malawi.pl\/wp-content\/uploads\/2018\/09\/DSC_0054.thumb_.JPG.6aed54e12e78a07565125e0d53fd3c8e.jpg 1000w, https:\/\/www.klub-malawi.pl\/wp-content\/uploads\/2018\/09\/DSC_0054.thumb_.JPG.6aed54e12e78a07565125e0d53fd3c8e-150x99.jpg 150w, https:\/\/www.klub-malawi.pl\/wp-content\/uploads\/2018\/09\/DSC_0054.thumb_.JPG.6aed54e12e78a07565125e0d53fd3c8e-300x199.jpg 300w, https:\/\/www.klub-malawi.pl\/wp-content\/uploads\/2018\/09\/DSC_0054.thumb_.JPG.6aed54e12e78a07565125e0d53fd3c8e-768x508.jpg 768w, https:\/\/www.klub-malawi.pl\/wp-content\/uploads\/2018\/09\/DSC_0054.thumb_.JPG.6aed54e12e78a07565125e0d53fd3c8e-240x160.jpg 240w\" data-sizes=\"(max-width: 1000px) 100vw, 1000px\" src=\"data:image\/svg+xml;base64,PHN2ZyB3aWR0aD0iMSIgaGVpZ2h0PSIxIiB4bWxucz0iaHR0cDovL3d3dy53My5vcmcvMjAwMC9zdmciPjwvc3ZnPg==\" style=\"--smush-placeholder-width: 1000px; --smush-placeholder-aspect-ratio: 1000\/662;\" \/><img decoding=\"async\" class=\"aligncenter size-full wp-image-866 lazyload\" data-src=\"http:\/\/www.klub-malawi.pl\/wp-content\/uploads\/2018\/09\/DSC_0055.thumb_.JPG.f8a328c23f56c3ac5c5be11cefc508ae.jpg\" alt=\"\" width=\"1000\" height=\"662\" data-srcset=\"https:\/\/www.klub-malawi.pl\/wp-content\/uploads\/2018\/09\/DSC_0055.thumb_.JPG.f8a328c23f56c3ac5c5be11cefc508ae.jpg 1000w, https:\/\/www.klub-malawi.pl\/wp-content\/uploads\/2018\/09\/DSC_0055.thumb_.JPG.f8a328c23f56c3ac5c5be11cefc508ae-150x99.jpg 150w, https:\/\/www.klub-malawi.pl\/wp-content\/uploads\/2018\/09\/DSC_0055.thumb_.JPG.f8a328c23f56c3ac5c5be11cefc508ae-300x199.jpg 300w, https:\/\/www.klub-malawi.pl\/wp-content\/uploads\/2018\/09\/DSC_0055.thumb_.JPG.f8a328c23f56c3ac5c5be11cefc508ae-768x508.jpg 768w, https:\/\/www.klub-malawi.pl\/wp-content\/uploads\/2018\/09\/DSC_0055.thumb_.JPG.f8a328c23f56c3ac5c5be11cefc508ae-240x160.jpg 240w\" data-sizes=\"(max-width: 1000px) 100vw, 1000px\" src=\"data:image\/svg+xml;base64,PHN2ZyB3aWR0aD0iMSIgaGVpZ2h0PSIxIiB4bWxucz0iaHR0cDovL3d3dy53My5vcmcvMjAwMC9zdmciPjwvc3ZnPg==\" style=\"--smush-placeholder-width: 1000px; --smush-placeholder-aspect-ratio: 1000\/662;\" \/><img decoding=\"async\" class=\"aligncenter size-full wp-image-867 lazyload\" data-src=\"http:\/\/www.klub-malawi.pl\/wp-content\/uploads\/2018\/09\/DSC_0056.thumb_.JPG.72d7198109d3314e3fcb036b85ec13ab.jpg\" alt=\"\" width=\"496\" height=\"750\" data-srcset=\"https:\/\/www.klub-malawi.pl\/wp-content\/uploads\/2018\/09\/DSC_0056.thumb_.JPG.72d7198109d3314e3fcb036b85ec13ab.jpg 496w, https:\/\/www.klub-malawi.pl\/wp-content\/uploads\/2018\/09\/DSC_0056.thumb_.JPG.72d7198109d3314e3fcb036b85ec13ab-99x150.jpg 99w, https:\/\/www.klub-malawi.pl\/wp-content\/uploads\/2018\/09\/DSC_0056.thumb_.JPG.72d7198109d3314e3fcb036b85ec13ab-198x300.jpg 198w\" data-sizes=\"(max-width: 496px) 100vw, 496px\" src=\"data:image\/svg+xml;base64,PHN2ZyB3aWR0aD0iMSIgaGVpZ2h0PSIxIiB4bWxucz0iaHR0cDovL3d3dy53My5vcmcvMjAwMC9zdmciPjwvc3ZnPg==\" style=\"--smush-placeholder-width: 496px; --smush-placeholder-aspect-ratio: 496\/750;\" \/><img decoding=\"async\" class=\"aligncenter size-full wp-image-871 lazyload\" data-src=\"http:\/\/www.klub-malawi.pl\/wp-content\/uploads\/2018\/09\/large.IMG_20180329_205815.jpg.6b6ac058dddfe9b209d5e80d033a9177.jpg\" alt=\"\" width=\"1600\" height=\"573\" data-srcset=\"https:\/\/www.klub-malawi.pl\/wp-content\/uploads\/2018\/09\/large.IMG_20180329_205815.jpg.6b6ac058dddfe9b209d5e80d033a9177.jpg 1600w, https:\/\/www.klub-malawi.pl\/wp-content\/uploads\/2018\/09\/large.IMG_20180329_205815.jpg.6b6ac058dddfe9b209d5e80d033a9177-150x54.jpg 150w, https:\/\/www.klub-malawi.pl\/wp-content\/uploads\/2018\/09\/large.IMG_20180329_205815.jpg.6b6ac058dddfe9b209d5e80d033a9177-300x107.jpg 300w, https:\/\/www.klub-malawi.pl\/wp-content\/uploads\/2018\/09\/large.IMG_20180329_205815.jpg.6b6ac058dddfe9b209d5e80d033a9177-768x275.jpg 768w, https:\/\/www.klub-malawi.pl\/wp-content\/uploads\/2018\/09\/large.IMG_20180329_205815.jpg.6b6ac058dddfe9b209d5e80d033a9177-1024x367.jpg 1024w\" data-sizes=\"(max-width: 1600px) 100vw, 1600px\" src=\"data:image\/svg+xml;base64,PHN2ZyB3aWR0aD0iMSIgaGVpZ2h0PSIxIiB4bWxucz0iaHR0cDovL3d3dy53My5vcmcvMjAwMC9zdmciPjwvc3ZnPg==\" style=\"--smush-placeholder-width: 1600px; --smush-placeholder-aspect-ratio: 1600\/573;\" \/><span style=\"color: #ffffff;\">To by by\u0142o na tyle, w\u0142a\u015bciwie Ameryki tutaj nie odkry\u0142em, wszystkie te informacje s\u0105 od dawna na forum. Dodam jeszcze, \u017ce artysta ze mnie \u017caden i je\u017celi mi si\u0119 uda\u0142o to uda si\u0119 ka\u017cdemu.<\/span><\/p>\n<p style=\"text-align: right;\"><span style=\"color: #ffffff;\">Teka<\/span><\/p>\n<p><center><\/div>\n<p><iframe data-src=\"\/\/www.youtube.com\/embed\/AwErr93f27A\" width=\"560\" height=\"314\" allowfullscreen=\"allowfullscreen\" src=\"data:image\/svg+xml;base64,PHN2ZyB3aWR0aD0iMSIgaGVpZ2h0PSIxIiB4bWxucz0iaHR0cDovL3d3dy53My5vcmcvMjAwMC9zdmciPjwvc3ZnPg==\" class=\"lazyload\" data-load-mode=\"1\"><\/iframe><\/p>\n","protected":false},"excerpt":{"rendered":"<p>Kilka os\u00f3b pyta\u0142o mnie jak wykona\u0142em swoje t\u0142o w akwarium. Postanowi\u0142em, \u017ce podziel\u0119\u00a0 opisem wykonania. Co do kamieni to pierwotnie nie wygl\u0105da\u0142y tak jak teraz (mia\u0142y jednolity kolor), s\u0105 pomalowane szar\u0105 farb\u0105 akrylow\u0105. Zrobi\u0142em to metod\u0105 suchego p\u0119dzla, stara\u0142em si\u0119 malowa\u0107 tylko w takich miejscach, w kt\u00f3rych zmiana koloru spowoduje ich optyczne uwypuklenie. T\u0142o&#8230; To, [&hellip;]<\/p>\n","protected":false},"author":2,"featured_media":0,"parent":146,"menu_order":0,"comment_status":"closed","ping_status":"closed","template":"","meta":{"footnotes":""},"class_list":["post-859","page","type-page","status-publish","hentry"],"_links":{"self":[{"href":"https:\/\/www.klub-malawi.pl\/index.php?rest_route=\/wp\/v2\/pages\/859","targetHints":{"allow":["GET"]}}],"collection":[{"href":"https:\/\/www.klub-malawi.pl\/index.php?rest_route=\/wp\/v2\/pages"}],"about":[{"href":"https:\/\/www.klub-malawi.pl\/index.php?rest_route=\/wp\/v2\/types\/page"}],"author":[{"embeddable":true,"href":"https:\/\/www.klub-malawi.pl\/index.php?rest_route=\/wp\/v2\/users\/2"}],"replies":[{"embeddable":true,"href":"https:\/\/www.klub-malawi.pl\/index.php?rest_route=%2Fwp%2Fv2%2Fcomments&post=859"}],"version-history":[{"count":12,"href":"https:\/\/www.klub-malawi.pl\/index.php?rest_route=\/wp\/v2\/pages\/859\/revisions"}],"predecessor-version":[{"id":879,"href":"https:\/\/www.klub-malawi.pl\/index.php?rest_route=\/wp\/v2\/pages\/859\/revisions\/879"}],"up":[{"embeddable":true,"href":"https:\/\/www.klub-malawi.pl\/index.php?rest_route=\/wp\/v2\/pages\/146"}],"wp:attachment":[{"href":"https:\/\/www.klub-malawi.pl\/index.php?rest_route=%2Fwp%2Fv2%2Fmedia&parent=859"}],"curies":[{"name":"wp","href":"https:\/\/api.w.org\/{rel}","templated":true}]}}