{"id":734,"date":"2018-09-12T16:42:10","date_gmt":"2018-09-12T14:42:10","guid":{"rendered":"http:\/\/www.klub-malawi.pl\/?page_id=734"},"modified":"2018-09-14T10:10:47","modified_gmt":"2018-09-14T08:10:47","slug":"jezioro-malawi-niasa","status":"publish","type":"page","link":"https:\/\/www.klub-malawi.pl\/?page_id=734","title":{"rendered":"Jezioro Malawi. Wst\u0119p."},"content":{"rendered":"<p><span style=\"color: #ffffff;\"><span style=\"font-family: Arial, sans-serif;\"><img decoding=\"async\" class=\"alignleft size-medium wp-image-794 lazyload\" data-src=\"http:\/\/www.klub-malawi.pl\/wp-content\/uploads\/2018\/09\/41758788_548279165632057_542570440975974400_n-300x212.jpg\" alt=\"\" width=\"300\" height=\"212\" data-srcset=\"https:\/\/www.klub-malawi.pl\/wp-content\/uploads\/2018\/09\/41758788_548279165632057_542570440975974400_n-300x212.jpg 300w, https:\/\/www.klub-malawi.pl\/wp-content\/uploads\/2018\/09\/41758788_548279165632057_542570440975974400_n-150x106.jpg 150w, https:\/\/www.klub-malawi.pl\/wp-content\/uploads\/2018\/09\/41758788_548279165632057_542570440975974400_n-768x542.jpg 768w, https:\/\/www.klub-malawi.pl\/wp-content\/uploads\/2018\/09\/41758788_548279165632057_542570440975974400_n.jpg 960w\" data-sizes=\"(max-width: 300px) 100vw, 300px\" src=\"data:image\/svg+xml;base64,PHN2ZyB3aWR0aD0iMSIgaGVpZ2h0PSIxIiB4bWxucz0iaHR0cDovL3d3dy53My5vcmcvMjAwMC9zdmciPjwvc3ZnPg==\" style=\"--smush-placeholder-width: 300px; --smush-placeholder-aspect-ratio: 300\/212;\" \/><span style=\"color: #c7c7c7;\">Po\u0142udniowo-wschodnia cz\u0119\u015b\u0107 Afryki, egzotyczny zak\u0105tek Ziemi, to obszar znany wielu akwarystom, tam znajduj\u0105 si\u0119 bowiem trzy ogromne akweny, zamieszkiwane przez ryby popularne w\u015br\u00f3d hobbyst\u00f3w. Dla mnie najistotniejsze jest jezioro najmniejsze i po\u0142o\u017cone najbardziej na po\u0142udniu, w naszym kraju znane pod nazw\u0105 Malawi (u\u017cywana jest tak\u017ce nazwa Niasa), kt\u00f3rego wody przynale\u017c\u0105 do trzech otaczaj\u0105cych je pa\u0144stw: Malawi, Mozambiku i Tanzanii.To jeden z najwi\u0119kszych s\u0142odkowodnych akwen\u00f3w na \u015bwiecie, jego powierzchnia wynosi 30 800 km<span class=\"st\">\u00b2<\/span> ( 9, miejsce w\u015br\u00f3d najwi\u0119kszych jezior \u015bwiata). Imponuj\u0105ca d\u0142ugo\u015b\u0107 zbiornika (blisko 600 km) oraz jego szeroko\u015b\u0107 (oko\u0142o 80 km) czyni\u0105 ze\u0144 \u201es\u0142odkowodne morze\u201d, bardzo g\u0142\u0119bokie, tworz\u0105ce kryptodepresj\u0119 (706 m). \u015arednia temperatura w zale\u017cno\u015bci od lokalizacji i pory roku oscyluje wok\u00f3\u0142 23-28 <\/span><\/span><span style=\"color: #c7c7c7;\">\u00b0<span style=\"font-family: Arial, sans-serif;\">C, a skrajne warto\u015bci dla warstw przypowierzchniowych wynosz\u0105 2<img decoding=\"async\" class=\"size-full wp-image-735 alignright lazyload\" data-src=\"http:\/\/www.klub-malawi.pl\/wp-content\/uploads\/2018\/09\/Rysunek1D.thumb_.jpg.98ad1adebe39e5c05703a4a546da384d.jpg\" alt=\"\" width=\"249\" height=\"750\" data-srcset=\"https:\/\/www.klub-malawi.pl\/wp-content\/uploads\/2018\/09\/Rysunek1D.thumb_.jpg.98ad1adebe39e5c05703a4a546da384d.jpg 249w, https:\/\/www.klub-malawi.pl\/wp-content\/uploads\/2018\/09\/Rysunek1D.thumb_.jpg.98ad1adebe39e5c05703a4a546da384d-50x150.jpg 50w, https:\/\/www.klub-malawi.pl\/wp-content\/uploads\/2018\/09\/Rysunek1D.thumb_.jpg.98ad1adebe39e5c05703a4a546da384d-100x300.jpg 100w\" data-sizes=\"(max-width: 249px) 100vw, 249px\" src=\"data:image\/svg+xml;base64,PHN2ZyB3aWR0aD0iMSIgaGVpZ2h0PSIxIiB4bWxucz0iaHR0cDovL3d3dy53My5vcmcvMjAwMC9zdmciPjwvc3ZnPg==\" style=\"--smush-placeholder-width: 249px; --smush-placeholder-aspect-ratio: 249\/750;\" \/>0-30 <\/span>\u00b0<span style=\"font-family: Arial, sans-serif;\">C i s\u0105 uzale\u017cnione od miejsc, w kt\u00f3rych mierzy si\u0119 temperatur\u0119 (p\u0142ytkie zatoki s\u0105 najcieplejsze), oraz od pory roku (w porze deszczowej osi\u0105gane s\u0105 najwy\u017csze warto\u015bci, a w porze suchej , w po\u0142udniowej cz\u0119\u015bci jeziora, najni\u017csze). Jeszcze bardziej waha si\u0119 przejrzysto\u015b\u0107 akwenu i wynosi od 1 m (w porze deszczowej) do 20 metr\u00f3w (bezwietrzny okres w porze suchej). Specyficzne s\u0105 parametry wody, kt\u00f3ra w Malawi jest zasadowa (pH 7,8-8,5) i w stosunku do innych jezior Rowu Wschodnioafryka\u0144skiego mi\u0119kka, a jej twardo\u015b\u0107 og\u00f3lna wynosi 4-6 dGh.<\/span><\/span><\/span><\/p>\n<p><span style=\"font-family: Arial, sans-serif; color: #c7c7c7;\"> Najistotniejsze z punktu widzenia akwarysty jest to, jakie ryby p\u0142ywaj\u0105 w afryka\u0144skim zbiorniku. Liczba odkrytych w nim gatunk\u00f3w jest niewiarygodna, samych piel\u0119gnic zidentyfikowano oko\u0142o 850, czyli wi\u0119cej ni\u017c wszystkich s\u0142odkowodnych ryb w Ameryce P\u00f3\u0142nocnej. Znaczna ich cz\u0119\u015b\u0107 zdobi nasze akwaria. Specyficzne wymagania hodowlane spowodowa\u0142y, \u017ce wyodr\u0119bni\u0142 si\u0119 dzia\u0142 akwarystyki zwany potocznie malawistyk\u0105. Akwary\u015bci &#8211; malawi\u015bci zajmuj\u0105 si\u0119 piel\u0119gnacj\u0105 pyszczak\u00f3w wy\u0142\u0105cznie z tego jeziora, tworz\u0105c tak zwane akwaria biotopowe. Bo ryby te tak naprawd\u0119 nie nadaj\u0105 si\u0119 do zbiornik\u00f3w, w kt\u00f3rych przebywaj\u0105 mieszka\u0144cy innych jezior czy rzek, o czym postaram si\u0119 przekona\u0107 wszystkich, kt\u00f3rzy zainteresowali si\u0119 rybami z jeziora Malawi. <\/span><\/p>\n<p><span style=\"font-family: Arial, sans-serif; color: #c7c7c7;\"> Co jest takiego poci\u0105gaj\u0105cego W Malawi? Trudno generalizowa\u0107, bo w samym \u015brodowisku malawist\u00f3w mamy r\u00f3\u017cne preferencje. S\u0105 tacy, kt\u00f3rzy za najwspanialsze pyszczaki uwa\u017caj\u0105 te najwi\u0119ksze, czyli drapie\u017cniki, ale s\u0105 te\u017c tacy, kt\u00f3rzy preferuj\u0105 \u0142agodniejsze obsady, z\u0142o\u017cone zazwyczaj z przesiewaj\u0105cych dno przedstawicieli rodzaj\u00f3w <em>Aulanocara<\/em>, <em>Lethrinops<\/em>, <em>Placidochromis<\/em> czy \u0142awicowych <em>Copadichromis<\/em>. Wydaje si\u0119 jednak, \u017ce to, czym ryby z Malawi zachwycaj\u0105 wszystkich, jest ich pi\u0119kno i temperament, na kt\u00f3ry sk\u0142ada si\u0119 swoista nieobliczalno\u015b\u0107, r\u00f3\u017cnorodno\u015b\u0107 i dynamika zachowa\u0144. Chcia\u0142bym wielbicielom tych ryb przekaza\u0107 najpotrzebniejsz\u0105 wiedz\u0119, aby podczas swej akwarystycznej przygody &#8211; zar\u00f3wno tej ju\u017c trwaj\u0105cej, jak i tej, kt\u00f3ra dopiero ma si\u0119 rozpocz\u0105\u0107 &#8211; wystrzegali si\u0119 b\u0142\u0119d\u00f3w, kt\u00f3rych \u0142atwo unikn\u0105\u0107. Mam cich\u0105 nadziej\u0119, \u017ce to opracowanie poszerzy nasze grono i zarazi kolejne rzesze mi\u0142o\u015bci\u0105, kt\u00f3r\u0105 sam jestem naznaczony.<\/span><\/p>\n<p><span style=\"font-family: Arial, sans-serif; color: #c7c7c7;\">Ze \u015brodowiskiem malawist\u00f3w jestem zwi\u0105zany od dawna. Odnalaz\u0142em tam ciekawych rozm\u00f3wc\u00f3w, nawi\u0105za\u0142em przyja\u017anie trwaj\u0105ce ju\u017c wiele lat. Chcia\u0142bym podzi\u0119kowa\u0107 osobom, dzi\u0119ki kt\u00f3rym ta ksi\u0105\u017cka sta\u0142a si\u0119 bogatsza i pi\u0119kniejsza ikonograficznie. Mam tu na my\u015bli autor\u00f3w fotografii, czyli Mariusza Suwalskiego, Stanis\u0142awa Gajaszka, Damiana Tomal\u0119, Bartosza Dubi\u0144skiego, Zbigniewa Krawczyka, Adriana Silesiana, Marka \u017by\u0142\u0119, Jacka Jab\u0142o\u0144skiego, \u0141ukasza P\u0119ciaka, Krzysztofa Poznerowicza, Cezarego Sowi\u0144skiego, Dariusza Jurczyka. Stanis\u0142awowi Gajaszkowi, Zbigniewowi Krawczykowi, Mariuszowi Suwalskiemu or z Adrianowi Silesianowi wdzi\u0119czny jestem za godziny rozm\u00f3w o Malawi i za to, \u017ce mogli\u015bmy uczy\u0107 si\u0119 od siebie nawzajem i wsp\u00f3lnie rozwija\u0107 nasz\u0105 pasj\u0119, Markowi \u017byle za to za\u015b, \u017ce uczyni\u0142 ksi\u0105\u017ck\u0119 pi\u0119kniejsz\u0105. To naprawd\u0119 bezcenne. Nie spos\u00f3b wymieni\u0107 wszystkich, kt\u00f3rzy ukszta\u0142towali mnie jako malawist\u0119, po\u015brednio wp\u0142ywaj\u0105c na kszta\u0142t tej ksi\u0105\u017cki. Ale wszystkim Wam dzi\u0119kuj\u0119 i chc\u0119, by\u015bcie wiedzieli, \u017ce o Waszym wk\u0142adzie pami\u0119tam. <\/span><\/p>\n<p><span style=\"font-family: Arial, sans-serif; color: #ffffff;\"><span style=\"color: #c7c7c7;\"> Dzi\u0119kuj\u0119 tak\u017ce Pani Monice i Robertowi Wiszom z firmy Tan-Mal, kt\u00f3rzy z entuzjazmem przyj\u0119li pomys\u0142 powstania tej ksi\u0105\u017cki, maj\u0105c \u015bwiadomo\u015b\u0107, \u017ce na polskim rynku brakuje poradnik\u00f3w dla akwaryst\u00f3w \u2013 zw\u0142aszcza tych, kt\u00f3rzy szczeg\u00f3lnie upodobali sobie ryby z jeziora Malawi.<\/span> <\/span><\/p>\n<p style=\"text-align: right;\"><strong>Wojciech Sierakowski<\/strong><\/p>\n<p><span style=\"font-size: 10pt;\">Jest to fragment ksi\u0105\u017cki &#8222;Piel\u0119gnice jezior Tanganika i Malawi&#8221; . Opublikowano za zgod\u0105 autora. Wi\u0119cej na temat ksi\u0105\u017cki mo\u017cna przeczyta\u0107 <a href=\"http:\/\/www.klub-malawi.pl\/?page_id=184\" target=\"_blank\" rel=\"noopener\">tutaj<\/a>.<\/span><\/p>\n<p>&nbsp;<\/p>\n<p><center><br \/>\n<iframe data-src=\"\/\/www.youtube.com\/embed\/44EzcfpM5tk\" width=\"560\" height=\"314\" allowfullscreen=\"allowfullscreen\" src=\"data:image\/svg+xml;base64,PHN2ZyB3aWR0aD0iMSIgaGVpZ2h0PSIxIiB4bWxucz0iaHR0cDovL3d3dy53My5vcmcvMjAwMC9zdmciPjwvc3ZnPg==\" class=\"lazyload\" data-load-mode=\"1\"><\/iframe><br \/>\n<iframe style=\"border: 0;\" data-src=\"https:\/\/www.google.com\/maps\/embed?pb=!1m18!1m12!1m3!1d3997151.405828702!2d32.34623054665413!3d-11.942053683344133!2m3!1f0!2f0!3f0!3m2!1i1024!2i768!4f13.1!3m3!1m2!1s0x191e174395a2ba1d%3A0x63bf8e8051243fa8!2sJezioro+Malawi!5e0!3m2!1spl!2spl!4v1536825802412\" width=\"300\" height=\"300\" frameborder=\"0\" allowfullscreen=\"allowfullscreen\" src=\"data:image\/svg+xml;base64,PHN2ZyB3aWR0aD0iMSIgaGVpZ2h0PSIxIiB4bWxucz0iaHR0cDovL3d3dy53My5vcmcvMjAwMC9zdmciPjwvc3ZnPg==\" class=\"lazyload\" data-load-mode=\"1\"><\/iframe><\/center><\/p>\n","protected":false},"excerpt":{"rendered":"<p>Po\u0142udniowo-wschodnia cz\u0119\u015b\u0107 Afryki, egzotyczny zak\u0105tek Ziemi, to obszar znany wielu akwarystom, tam znajduj\u0105 si\u0119 bowiem trzy ogromne akweny, zamieszkiwane przez ryby popularne w\u015br\u00f3d hobbyst\u00f3w. Dla mnie najistotniejsze jest jezioro najmniejsze i po\u0142o\u017cone najbardziej na po\u0142udniu, w naszym kraju znane pod nazw\u0105 Malawi (u\u017cywana jest tak\u017ce nazwa Niasa), kt\u00f3rego wody przynale\u017c\u0105 do trzech otaczaj\u0105cych je pa\u0144stw: [&hellip;]<\/p>\n","protected":false},"author":2,"featured_media":0,"parent":146,"menu_order":0,"comment_status":"closed","ping_status":"closed","template":"","meta":{"footnotes":""},"class_list":["post-734","page","type-page","status-publish","hentry"],"_links":{"self":[{"href":"https:\/\/www.klub-malawi.pl\/index.php?rest_route=\/wp\/v2\/pages\/734","targetHints":{"allow":["GET"]}}],"collection":[{"href":"https:\/\/www.klub-malawi.pl\/index.php?rest_route=\/wp\/v2\/pages"}],"about":[{"href":"https:\/\/www.klub-malawi.pl\/index.php?rest_route=\/wp\/v2\/types\/page"}],"author":[{"embeddable":true,"href":"https:\/\/www.klub-malawi.pl\/index.php?rest_route=\/wp\/v2\/users\/2"}],"replies":[{"embeddable":true,"href":"https:\/\/www.klub-malawi.pl\/index.php?rest_route=%2Fwp%2Fv2%2Fcomments&post=734"}],"version-history":[{"count":12,"href":"https:\/\/www.klub-malawi.pl\/index.php?rest_route=\/wp\/v2\/pages\/734\/revisions"}],"predecessor-version":[{"id":804,"href":"https:\/\/www.klub-malawi.pl\/index.php?rest_route=\/wp\/v2\/pages\/734\/revisions\/804"}],"up":[{"embeddable":true,"href":"https:\/\/www.klub-malawi.pl\/index.php?rest_route=\/wp\/v2\/pages\/146"}],"wp:attachment":[{"href":"https:\/\/www.klub-malawi.pl\/index.php?rest_route=%2Fwp%2Fv2%2Fmedia&parent=734"}],"curies":[{"name":"wp","href":"https:\/\/api.w.org\/{rel}","templated":true}]}}